le of 731?
False
Is 32 a factor of 27891136?
True
Is 3021 a factor of 114381102?
True
Does 83 divide 110740733?
False
Is 6812 a factor of 882473176?
False
Is 1204483515 a multiple of 250?
False
Does 256 divide 22280704?
True
Is 260 a factor of 23976962?
False
Does 47 divide 99120509?
True
Is 322742422 a multiple of 9?
False
Does 2525 divide 1335586125?
True
Is 9875398 a multiple of 67?
True
Is 9 a factor of 14608910?
False
Does 28 divide 4426125?
False
Is 4912728680 a multiple of 20?
True
Is 51802966 a multiple of 108?
False
Is 2414 a factor of 616465594?
True
Does 20 divide 208703782?
False
Is 521 a factor of 333268591?
True
Is 3 a factor of 31766484?
True
Is 4 a factor of 155843156?
True
Is 314410222 a multiple of 8?
False
Is 73437735 a multiple of 1673?
False
Is 681879680 a multiple of 1585?
True
Does 1374 divide 949485993?
False
Is 56432461 a multiple of 109?
True
Does 15 divide 6628434007?
False
Is 755310116 a multiple of 76?
True
Is 5 a factor of 99847770?
True
Is 341 a factor of 128320687?
True
Does 34 divide 827530383?
False
Is 3562 a factor of 1010621326?
True
Does 5 divide 49678968?
False
Is 227898315 a multiple of 4294?
False
Is 141 a factor of 217119005?
False
Is 51506550 a multiple of 1982?
False
Does 13 divide 47521071?
True
Is 12 a factor of 2473272?
True
Is 29 a factor of 53385987?
False
Is 8874317 a multiple of 4?
False
Does 13 divide 6086075?
False
Is 345 a factor of 46964850?
True
Does 125 divide 3850539?
False
Does 651 divide 13510203?
True
Is 684925915 a multiple of 18?
False
Does 6 divide 40107189?
False
Is 451023196 a multiple of 13?
True
Is 16 a factor of 671605516?
False
Is 40259844 a multiple of 28?
False
Does 275 divide 1732789300?
True
Is 66 a factor of 198025476?
True
Is 307174782 a multiple of 45?
False
Is 409868963 a multiple of 58?
False
Is 24095904 a multiple of 161?
True
Is 27994694 a multiple of 13?
True
Is 20 a factor of 397762842?
False
Is 2 a factor of 3256361?
False
Does 66 divide 1599488026?
False
Is 62 a factor of 109005571?
False
Is 397 a factor of 27466170?
False
Does 14 divide 47534270?
True
Does 627 divide 214969458?
True
Is 1313842948 a multiple of 4291?
False
Does 754 divide 3479952034?
True
Does 6 divide 88868078?
False
Is 21620088 a multiple of 36?
True
Is 37 a factor of 18121098?
False
Is 910675 a multiple of 73?
True
Does 558 divide 198529146?
True
Is 27 a factor of 1945083?
False
Does 8 divide 26998493?
False
Is 765325720 a multiple of 13?
False
Is 1684 a factor of 252531725?
False
Does 27 divide 55375450?
False
Is 962234560 a multiple of 5630?
True
Is 2085 a factor of 13208505?
False
Does 1007 divide 11708536?
False
Is 3 a factor of 91745009?
False
Is 259732265 a multiple of 29?
True
Does 11 divide 61221083?
True
Is 82615524 a multiple of 12?
True
Does 14 divide 2239451488?
False
Is 62 a factor of 43101966?
True
Is 64 a factor of 2034764757?
False
Does 513 divide 28305033?
False
Is 299062698 a multiple of 23?
True
Is 13 a factor of 91915987?
False
Is 9 a factor of 232957951?
False
Does 9 divide 284913?
True
Is 9514032 a multiple of 66?
True
Is 21 a factor of 791922983?
False
Is 15 a factor of 6127662?
False
Is 12 a factor of 103645452?
True
Is 650671813 a multiple of 3?
False
Is 10 a factor of 81893349?
False
Is 4743 a factor of 73087280?
False
Is 165508786 a multiple of 11?
False
Does 73 divide 77894347?
False
Is 117675797 a multiple of 627?
False
Is 23 a factor of 267526211?
False
Is 275 a factor of 160203096?
False
Is 11100 a factor of 534320303?
False
Is 475332000 a multiple of 831?
True
Is 19 a factor of 105059018?
True
Is 52520130 a multiple of 90?
True
Does 207 divide 1094705610?
False
Is 25 a factor of 14676225?
True
Is 11 a factor of 39650105?
True
Does 30 divide 175535747?
False
Does 3 divide 3489665?
False
Is 623 a factor of 321758695?
False
Is 26 a factor of 261011536?
False
Is 394 a factor of 50042728?
True
Is 261926016 a multiple of 8?
True
Is 11 a factor of 4599034?
True
Is 2195414952 a multiple of 69?
True
Is 4165 a factor of 581293788?
False
Is 72492589 a multiple of 158?
False
Is 882335238 a multiple of 156?
False
Is 10922985 a multiple of 74?
False
Does 202 divide 190941106?
True
Does 32 divide 7259552?
True
Is 20 a factor of 79958160?
True
Is 16 a factor of 369442512?
True
Is 5 a factor of 180924725?
True
Is 295791683 a multiple of 74?
False
Is 24 a factor of 433887288?
True
Is 31 a factor of 414140293?
False
Is 527 a factor of 27353027?
False
Does 58 divide 37367461?
False
Does 64 divide 42376921?
False
Is 34 a factor of 26210991?
False
Does 58 divide 247886896?
True
Is 12 a factor of 222123204?
True
Is 29 a factor of 23364011?
False
Does 553 divide 81580219?
True
Is 657654676 a multiple of 931?
True
Is 17092950 a multiple of 1711?
False
Is 805 a factor of 282028377?
False
Does 2871 divide 28979874?
True
Is 1498548402 a multiple of 13?
True
Is 252590877 a multiple of 2119?
False
Does 107 divide 577613570?
False
Is 17789402 a multiple of 6?
False
Is 36290619 a multiple of 4?
False
Is 46446944 a multiple of 32?
True
Is 2 a factor of 9232661?
False
Is 13701300 a multiple of 109?
True
Does 46 divide 82230879?
False
Is 179775053 a multiple of 150?
False
Is 24 a factor of 145215624?
True
Is 95 a factor of 619093736?
False
Is 9720503 a multiple of 31?
False
Does 395 divide 199489194?
False
Is 618130 a multiple of 5?
True
Is 240382621 a multiple of 14?
False
Is 10 a factor of 2732932810?
True
Is 18703800 a multiple of 9?
True
Does 177 divide 14237479?
False
Does 88 divide 1980176?
True
Is 30129291 a multiple of 10?
False
Is 5710 a factor of 343513600?
True
Is 245459844 a multiple of 29?
False
Does 13 divide 566544650?
False
Is 12 a factor of 898295604?
True
Is 1600849408 a multiple of 1634?
True
Does 2 divide 3295818?
True
Is 1457044890 a multiple of 32?
False
Is 195 a factor of 43383461?
False
Is 445 a factor of 1488728670?
False
Does 1425 divide 35310075?
True
Is 802309025 a multiple of 29?
False
Is 619 a factor of 25311107?
False
Does 498 divide 7502868?
True
Is 122 a factor of 1625064004?
False
Does 18 divide 23019201?
False
Is 803 a factor of 125194732?
False
Does 170 divide 2283232?
False
Is 41624938 a multiple of 58?
False
Does 178 divide 2258766244?
True
Does 89 divide 76364856?
False
Is 2113 a factor of 86980424?
False
Does 22 divide 499147869?
False
Does 61 divide 11741004?
False
Does 845 divide 973440?
True
Is 1253332353 a multiple of 6279?
True
Is 3030 a factor of 348528780?
True
Is 12909735 even?
False
Is 13 a factor of 150884188?
True
Does 34 divide 173683563?
False
Does 26 divide 204039602?
True
Is 457076977 a multiple of 133?
True
Is 67618350 a multiple of 50?
True
Is 94298960 a multiple of 70?
True
Is 1351047589 a multiple of 8?
False
Does 926 divide 40823636?
True
Is 7657546819 a multiple of 13?
True
Is 37986468 a multiple of 78?
True
Is 453504 a multiple of 6?
True
Is 2279 a factor of 58928103?
True
Is 221668650 a multiple of 294?
True
Is 37 a factor of 552645468?
True
Is 152 a factor of 138763605?
False
Is 13 a factor of 14504685?
True
Does 7537 divide 1538845742?
False
Does 1113 divide 108931536?
True
Does 6064 divide 164207181?
False
Is 10 a factor of 23923660?
True
Is 27791908 a multiple of 19?
True
Does 139 divide 332109781?
True
Is 17 a factor of 6158385?
False
Is 10033 a factor of 3099735208?
False
Is 33717427 a multiple of 160?
False
Does 428 divide 199884132?
True
Is 6863960 a multiple of 16?
False
Is 63 a factor of 11859669?
False
Is 5 a factor of 35016938?
False
Does 31 divide 491055872?
True
Is 18134414 a multiple of 483?
False
Is 26895499 a multiple of 9?
False
Does 303 divide 31881357?
True
Is 256 a factor of 102202377?
False
Does 121 divide 127581795?
True
Does 1743 divide 161987448?
True
Is 1939452564 a multiple of 12?
True
Is 41 a factor of 19587746?
False
Does 4312 divide 861934665?
False
Does 924 divide 13411556?
False
Is 972487479 a multiple of 827?
False
Is 2179 a factor of 1038438503?
False
Does 1509 divide 553360611?
False
Does 7 divide 309209901?
True
Is 898 a factor of 1084988959?
False
Is 22675056 a multiple of 564?
True
Is 128 a factor of 15812305?
False
Is 2264602368 a multiple of 14?
True
Is 601008204 a multiple of 1903?
False
Does 5 divide 527348760?
True
Does 171 divide 653345514?
True
Is 89 a factor of 44447045?
True
Is 661